{"id":2,"date":"2010-12-03T18:16:36","date_gmt":"2010-12-03T17:16:36","guid":{"rendered":"http:\/\/www.muehlanger.at\/?page_id=2"},"modified":"2011-01-11T07:25:26","modified_gmt":"2011-01-11T06:25:26","slug":"ueber-mich","status":"publish","type":"page","link":"https:\/\/muehlanger.at\/?page_id=2","title":{"rendered":"\u00fcber mich"},"content":{"rendered":"<p><img loading=\"lazy\" decoding=\"async\" class=\"alignleft size-medium wp-image-70\" title=\"rolandsw\" src=\"https:\/\/muehlanger.at\/wp-content\/uploads\/2010\/12\/rolandsw_hp_011-154x300.jpg\" alt=\"Roland M\u00fchlanger\" width=\"154\" height=\"300\" srcset=\"https:\/\/muehlanger.at\/wp-content\/uploads\/2010\/12\/rolandsw_hp_011-154x300.jpg 154w, https:\/\/muehlanger.at\/wp-content\/uploads\/2010\/12\/rolandsw_hp_011-77x150.jpg 77w, https:\/\/muehlanger.at\/wp-content\/uploads\/2010\/12\/rolandsw_hp_011-205x400.jpg 205w, https:\/\/muehlanger.at\/wp-content\/uploads\/2010\/12\/rolandsw_hp_011-256x500.jpg 256w, https:\/\/muehlanger.at\/wp-content\/uploads\/2010\/12\/rolandsw_hp_011.jpg 308w\" sizes=\"auto, (max-width: 154px) 100vw, 154px\" \/> &#8222;Die Fotografie ist die Kunst des Zeichnens mit Licht&#8220;<\/p>\n<p><br class=\"spacer_\" \/><\/p>\n<p><strong>Quereinsteiger: <\/strong>\u00dcber das Fernsehen f\u00fchrte mich der Weg in den Printjournalismus, zum Radio hin und schlie\u00dflich zur Fotografie.<\/p>\n<p><strong>Querdenker: <\/strong>Abbildung der Stimmung und der Pers\u00f6nlichkeit. Das ist mein Ziel. Das etwas andere Foto &#8211; aber nat\u00fcrlich soll\u00b4s sein.<\/p>\n<p><strong>Werdegang: <\/strong>Praxis, Studium, Fortbildungen am Kuratorium f\u00fcr Journalistenausbildung (<a href=\"http:\/\/www.kjf.at\" target=\"_blank\">www.kfj.at<\/a>), zahlreiche Stationen in diversen Medien (ORF, KURIER, Kronenzeitung, Tiroler Tageszeitung, Radio Arabella, Neue Vorarlberger Tageszeitung etc.).<\/p>\n<p><strong>Kunden: <\/strong>Tages-, Wochen- und Monatsmedien sowie Magazine und Agenturen in \u00d6sterreich und ganz Europa. Siehe Referenzseite.<\/p>\n<p><!--  Text: [end] --><\/p>\n","protected":false},"excerpt":{"rendered":"<p>&#8222;Die Fotografie ist die Kunst des Zeichnens mit Licht&#8220; Quereinsteiger: \u00dcber das Fernsehen f\u00fchrte mich der Weg in den Printjournalismus, zum Radio hin und schlie\u00dflich zur Fotografie. Querdenker: Abbildung der Stimmung und der Pers\u00f6nlichkeit. Das ist mein Ziel. Das etwas andere Foto &#8211; aber nat\u00fcrlich soll\u00b4s sein. Werdegang: Praxis, Studium, Fortbildungen am Kuratorium f\u00fcr Journalistenausbildung [&hellip;]<\/p>\n","protected":false},"author":2,"featured_media":0,"parent":0,"menu_order":0,"comment_status":"closed","ping_status":"closed","template":"page_full.php","meta":{"ngg_post_thumbnail":0,"footnotes":""},"class_list":["post-2","page","type-page","status-publish","hentry"],"_links":{"self":[{"href":"https:\/\/muehlanger.at\/index.php?rest_route=\/wp\/v2\/pages\/2","targetHints":{"allow":["GET"]}}],"collection":[{"href":"https:\/\/muehlanger.at\/index.php?rest_route=\/wp\/v2\/pages"}],"about":[{"href":"https:\/\/muehlanger.at\/index.php?rest_route=\/wp\/v2\/types\/page"}],"author":[{"embeddable":true,"href":"https:\/\/muehlanger.at\/index.php?rest_route=\/wp\/v2\/users\/2"}],"replies":[{"embeddable":true,"href":"https:\/\/muehlanger.at\/index.php?rest_route=%2Fwp%2Fv2%2Fcomments&post=2"}],"version-history":[{"count":2,"href":"https:\/\/muehlanger.at\/index.php?rest_route=\/wp\/v2\/pages\/2\/revisions"}],"predecessor-version":[{"id":459,"href":"https:\/\/muehlanger.at\/index.php?rest_route=\/wp\/v2\/pages\/2\/revisions\/459"}],"wp:attachment":[{"href":"https:\/\/muehlanger.at\/index.php?rest_route=%2Fwp%2Fv2%2Fmedia&parent=2"}],"curies":[{"name":"wp","href":"https:\/\/api.w.org\/{rel}","templated":true}]}}